{"id":9715,"date":"2022-02-02T10:24:57","date_gmt":"2022-02-02T09:24:57","guid":{"rendered":"https:\/\/rivegauche-magazine.ch\/?page_id=9715"},"modified":"2022-04-08T10:15:13","modified_gmt":"2022-04-08T08:15:13","slug":"leman-paysages","status":"publish","type":"page","link":"https:\/\/geneveetvousmagazine.ch\/index.php\/divers-services\/leman-paysages\/","title":{"rendered":"LEMAN PAYSAGES"},"content":{"rendered":"<p>[et_pb_section fb_built=\u00a0\u00bb1&Prime; _builder_version=\u00a0\u00bb3.22.7&Prime; global_colors_info=\u00a0\u00bb{}\u00a0\u00bb][et_pb_row _builder_version=\u00a0\u00bb3.25&Prime; global_colors_info=\u00a0\u00bb{}\u00a0\u00bb][et_pb_column type=\u00a0\u00bb4_4&Prime; _builder_version=\u00a0\u00bb3.25&Prime; custom_padding=\u00a0\u00bb|||\u00a0\u00bb global_colors_info=\u00a0\u00bb{}\u00a0\u00bb custom_padding__hover=\u00a0\u00bb|||\u00a0\u00bb][\/et_pb_column][\/et_pb_row][\/et_pb_section][et_pb_section fb_built=\u00a0\u00bb1&Prime; admin_label=\u00a0\u00bbArticles 1 colonne\u00a0\u00bb _builder_version=\u00a0\u00bb3.22.7&Prime; custom_margin=\u00a0\u00bb||\u00a0\u00bb custom_padding=\u00a0\u00bb0px|||||\u00a0\u00bb global_colors_info=\u00a0\u00bb{}\u00a0\u00bb][et_pb_row column_structure=\u00a0\u00bb1_2,1_2&Prime; admin_label=\u00a0\u00bbTitre Agenda\u00a0\u00bb _builder_version=\u00a0\u00bb3.25&Prime; custom_margin=\u00a0\u00bb||\u00a0\u00bb custom_padding=\u00a0\u00bb0px||0px|||\u00a0\u00bb global_colors_info=\u00a0\u00bb{}\u00a0\u00bb][et_pb_column type=\u00a0\u00bb1_2&Prime; _builder_version=\u00a0\u00bb3.25&Prime; custom_padding=\u00a0\u00bb0px|||\u00a0\u00bb global_colors_info=\u00a0\u00bb{}\u00a0\u00bb custom_padding__hover=\u00a0\u00bb|||\u00a0\u00bb][et_pb_image src=\u00a0\u00bbhttps:\/\/rivegauche-magazine.ch\/wp-content\/uploads\/2022\/02\/LEMAN-PAYSAGE-OUVERTURE.jpg\u00a0\u00bb title_text=\u00a0\u00bbLEMAN-PAYSAGE-OUVERTURE\u00a0\u00bb align_tablet=\u00a0\u00bbcenter\u00a0\u00bb align_phone=\u00a0\u00bb\u00a0\u00bb align_last_edited=\u00a0\u00bbon|desktop\u00a0\u00bb _builder_version=\u00a0\u00bb4.14.7&Prime; global_colors_info=\u00a0\u00bb{}\u00a0\u00bb][\/et_pb_image][\/et_pb_column][et_pb_column type=\u00a0\u00bb1_2&Prime; _builder_version=\u00a0\u00bb3.25&Prime; custom_padding=\u00a0\u00bb|||\u00a0\u00bb global_colors_info=\u00a0\u00bb{}\u00a0\u00bb custom_padding__hover=\u00a0\u00bb|||\u00a0\u00bb][et_pb_text admin_label=\u00a0\u00bbNOM CLIENT\u00a0\u00bb _builder_version=\u00a0\u00bb4.14.7&Prime; header_font=\u00a0\u00bb|||||on|||\u00a0\u00bb header_text_align=\u00a0\u00bbleft\u00a0\u00bb header_text_color=\u00a0\u00bb#000000&Prime; header_font_size=\u00a0\u00bb48px\u00a0\u00bb custom_margin=\u00a0\u00bb|||\u00a0\u00bb header_font_size_tablet=\u00a0\u00bb36px\u00a0\u00bb header_font_size_phone=\u00a0\u00bb24px\u00a0\u00bb header_font_size_last_edited=\u00a0\u00bbon|tablet\u00a0\u00bb global_colors_info=\u00a0\u00bb{}\u00a0\u00bb]<\/p>\n<h1 style=\"text-align: left;\">LEMAN PAYSAGE<br \/><span style=\"font-size: 22px;\">L&rsquo;entretien de votre jardin<br \/><\/span><\/h1>\n<p>[\/et_pb_text][et_pb_text admin_label=\u00a0\u00bbDESCRIPTION\u00a0\u00bb _builder_version=\u00a0\u00bb4.14.7&Prime; global_colors_info=\u00a0\u00bb{}\u00a0\u00bb]<\/p>\n<div class=\"tz-title-content\" style=\"text-align: justify;\">\n<p class=\"font_8\" style=\"line-height: 1.6em; text-align: justify; font-size: 15px;\"><span style=\"color: #000000;\">Avec plus de 10 ans d\u2019exp\u00e9rience dans la cr\u00e9ation et l\u2019entretien de jardins ainsi que l&rsquo;am\u00e9nagement d&rsquo;espaces verts \u00e0 Gen\u00e8ve et dans ses environs, notre soci\u00e9t\u00e9 s&rsquo;applique \u00e0 montrer chaque jour son savoir-faire et sa r\u00e9activit\u00e9.<br \/><\/span><span style=\"color: #000000;\">La valeur que nous portons dans notre activit\u00e9 quotidienne est le respect.<\/span><\/p>\n<p class=\"font_8\" style=\"line-height: 1.6em; text-align: justify; font-size: 15px;\"><span style=\"color: #000000;\">Le respect du temps de nos clients avec une prise de rendez-vous directement en ligne et un devis estimatif d\u00e9livr\u00e9 en moins de 48h apr\u00e8s notre visite.<\/span><br \/><span style=\"color: #000000;\">Le respect des attentes de nos clients avec la r\u00e9alisation d&rsquo;un diagnostic directement \u00e0 votre domicile et une \u00e9quipe pleinement\u00a0 \u00e0 votre \u00e9coute.<\/span><\/p>\n<p class=\"font_8\" style=\"line-height: 1.6em; text-align: justify; font-size: 15px;\"><span style=\"color: #000000;\">Le respect des d\u00e9lais et de la qualit\u00e9 des travaux effectu\u00e9s, tout en garantissant une tarification transparente<\/span><br \/><span style=\"color: #000000;\">Le respect de la nature avec la minimisation de notre empreinte carbone et l&rsquo;utilisation de v\u00e9g\u00e9taux indig\u00e8nes.<\/span><span style=\"color: #000000;\"><\/span><\/p>\n<p class=\"font_8\" style=\"line-height: 1.6em; text-align: justify; font-size: 15px;\"><span style=\"color: #000000;\"><\/span><\/p>\n<h2 class=\"_1Q9if\" data-testid=\"richTextElement\"><span style=\"color: #000000;\">Nos services :<\/span><\/h2>\n<p class=\"font_8\" style=\"line-height: 1.6em; text-align: justify; font-size: 15px;\"><span style=\"color: #000000;\">&#8211; tonte<br \/><\/span><span style=\"color: #000000;\">&#8211; taille<br \/><\/span><span style=\"color: #000000;\">&#8211; plantation<br \/><\/span><span style=\"color: #000000;\">&#8211; entretien<br \/><\/span><span style=\"color: #000000;\">&#8211; cr\u00e9ation paysag\u00e8re<br \/><\/span><span style=\"color: #000000;\">&#8211; am\u00e9nagement &amp; ma\u00e7onnerie<\/span><\/p>\n<\/div>\n<p>[\/et_pb_text][et_pb_button button_url=\u00a0\u00bbhttps:\/\/www.lemanpaysage.ch\/\u00a0\u00bb url_new_window=\u00a0\u00bbon\u00a0\u00bb button_text=\u00a0\u00bbSITE INTERNET\u00a0\u00bb admin_label=\u00a0\u00bbBOUTON SITE WEB\u00a0\u00bb _builder_version=\u00a0\u00bb4.14.7&Prime; global_colors_info=\u00a0\u00bb{}\u00a0\u00bb][\/et_pb_button][et_pb_text admin_label=\u00a0\u00bbCONTACT\u00a0\u00bb _builder_version=\u00a0\u00bb4.14.7&Prime; global_colors_info=\u00a0\u00bb{}\u00a0\u00bb]<\/p>\n<div id=\"comp-jxad6mh4\" class=\"_11gHK\">\n<div data-mesh-id=\"comp-jxad6mh4inlineContent\" data-testid=\"inline-content\" class=\"\">\n<div data-mesh-id=\"comp-jxad6mh4inlineContent-gridContainer\" data-testid=\"mesh-container-content\">\n<form id=\"comp-jxad6mjb\" class=\"yBJuM\">\n<div data-mesh-id=\"comp-jxad6mjbinlineContent\" data-testid=\"inline-content\" class=\"\">\n<div data-mesh-id=\"comp-jxad6mjbinlineContent-gridContainer\" data-testid=\"mesh-container-content\"><\/div>\n<\/div>\n<\/form>\n<\/div>\n<\/div>\n<\/div>\n<div id=\"comp-jbosdccj\" class=\"_1Q9if\" data-testid=\"richTextElement\">\n<div id=\"comp-jxad6mh4\" class=\"_11gHK\">\n<div data-mesh-id=\"comp-jxad6mh4inlineContent\" data-testid=\"inline-content\" class=\"\">\n<div data-mesh-id=\"comp-jxad6mh4inlineContent-gridContainer\" data-testid=\"mesh-container-content\">\n<form id=\"comp-jxad6mjb\" class=\"yBJuM\">\n<div data-mesh-id=\"comp-jxad6mjbinlineContent\" data-testid=\"inline-content\" class=\"\">\n<div data-mesh-id=\"comp-jxad6mjbinlineContent-gridContainer\" data-testid=\"mesh-container-content\">\n<div id=\"comp-jxad6mjp\" class=\"_1Q9if\" data-testid=\"richTextElement\"><span class=\"color_11\">Rue Ferdinand-Hodler 17,<\/span><span class=\"color_11\"><br \/>1207 Gen\u00e8ve &#8211; CH<\/span><\/div>\n<div class=\"_1Q9if\" data-testid=\"richTextElement\"><span class=\"color_11\"><\/span><\/div>\n<\/div>\n<\/div>\n<\/form>\n<\/div>\n<\/div>\n<\/div>\n<div id=\"comp-jbosedaq\" class=\"_1Q9if\" data-testid=\"richTextElement\">\n<p class=\"font_8\" style=\"line-height: 1.5em; font-size: 15px;\"><span class=\"color_11\"><a data-auto-recognition=\"true\" href=\"mailto:contact@lemanpaysage.ch\">contact@lemanpaysage.ch<\/a><br \/><\/span><span class=\"color_11\">+41 78 866 72 80<\/span><\/p>\n<\/div>\n<p class=\"font_8\" style=\"line-height: 1.5em; font-size: 15px;\"><span class=\"color_11\"><br \/><\/span><span class=\"color_11\"><\/span><\/p>\n<\/div>\n<p><a href=\"mailto:sclaverie.sophro@gmail.com\"><\/a><\/p>\n<p>[\/et_pb_text][\/et_pb_column][\/et_pb_row][et_pb_row _builder_version=\u00a0\u00bb4.14.7&Prime; custom_padding=\u00a0\u00bb||0em||false|false\u00a0\u00bb global_colors_info=\u00a0\u00bb{}\u00a0\u00bb][et_pb_column type=\u00a0\u00bb4_4&Prime; _builder_version=\u00a0\u00bb3.25&Prime; custom_padding=\u00a0\u00bb|||\u00a0\u00bb global_colors_info=\u00a0\u00bb{}\u00a0\u00bb custom_padding__hover=\u00a0\u00bb|||\u00a0\u00bb][et_pb_divider divider_weight=\u00a0\u00bb13px\u00a0\u00bb _builder_version=\u00a0\u00bb3.22.7&Prime; width=\u00a0\u00bb180px\u00a0\u00bb custom_padding=\u00a0\u00bb|||50px\u00a0\u00bb global_colors_info=\u00a0\u00bb{}\u00a0\u00bb][\/et_pb_divider][et_pb_divider _builder_version=\u00a0\u00bb3.22.7&Prime; custom_margin=\u00a0\u00bb-57px||\u00a0\u00bb custom_margin_tablet=\u00a0\u00bb-44px||\u00a0\u00bb custom_margin_phone=\u00a0\u00bb\u00a0\u00bb custom_margin_last_edited=\u00a0\u00bbon|phone\u00a0\u00bb custom_padding=\u00a0\u00bb0px||\u00a0\u00bb global_colors_info=\u00a0\u00bb{}\u00a0\u00bb][\/et_pb_divider][\/et_pb_column][\/et_pb_row][et_pb_row column_structure=\u00a0\u00bb1_2,1_2&Prime; admin_label=\u00a0\u00bbTitre Articles\u00a0\u00bb _builder_version=\u00a0\u00bb4.14.7&Prime; custom_margin=\u00a0\u00bb||\u00a0\u00bb custom_padding=\u00a0\u00bb||||false|false\u00a0\u00bb global_colors_info=\u00a0\u00bb{}\u00a0\u00bb][et_pb_column type=\u00a0\u00bb1_2&Prime; _builder_version=\u00a0\u00bb3.25&Prime; custom_padding=\u00a0\u00bb0px|||\u00a0\u00bb global_colors_info=\u00a0\u00bb{}\u00a0\u00bb custom_padding__hover=\u00a0\u00bb|||\u00a0\u00bb][et_pb_text _builder_version=\u00a0\u00bb3.27.4&Prime; header_font=\u00a0\u00bbGeorgia||||||||\u00a0\u00bb header_text_color=\u00a0\u00bb#000000&Prime; header_font_size=\u00a0\u00bb48px\u00a0\u00bb custom_margin=\u00a0\u00bb-30px|||50px\u00a0\u00bb header_font_size_tablet=\u00a0\u00bb36px\u00a0\u00bb header_font_size_phone=\u00a0\u00bb24px\u00a0\u00bb header_font_size_last_edited=\u00a0\u00bbon|tablet\u00a0\u00bb global_colors_info=\u00a0\u00bb{}\u00a0\u00bb]<\/p>\n<h1>ARTICLES<\/h1>\n<p>[\/et_pb_text][\/et_pb_column][et_pb_column type=\u00a0\u00bb1_2&Prime; _builder_version=\u00a0\u00bb3.25&Prime; custom_padding=\u00a0\u00bb|||\u00a0\u00bb global_colors_info=\u00a0\u00bb{}\u00a0\u00bb custom_padding__hover=\u00a0\u00bb|||\u00a0\u00bb][et_pb_text _builder_version=\u00a0\u00bb3.27.4&Prime; text_font=\u00a0\u00bb||||||||\u00a0\u00bb header_font=\u00a0\u00bb||||||||\u00a0\u00bb header_2_font=\u00a0\u00bbTimes New Roman||||||||\u00a0\u00bb global_colors_info=\u00a0\u00bb{}\u00a0\u00bb][\/et_pb_text][\/et_pb_column][\/et_pb_row][et_pb_row column_structure=\u00a0\u00bb1_4,1_4,1_4,1_4&Prime; admin_label=\u00a0\u00bbBloc rubrique gastronomie\u00a0\u00bb _builder_version=\u00a0\u00bb3.25&Prime; custom_padding=\u00a0\u00bb0px|||||\u00a0\u00bb global_colors_info=\u00a0\u00bb{}\u00a0\u00bb][et_pb_column type=\u00a0\u00bb1_4&Prime; _builder_version=\u00a0\u00bb3.25&Prime; custom_padding=\u00a0\u00bb|||\u00a0\u00bb global_colors_info=\u00a0\u00bb{}\u00a0\u00bb custom_padding__hover=\u00a0\u00bb|||\u00a0\u00bb][et_pb_image src=\u00a0\u00bbhttps:\/\/rivegauche-magazine.ch\/wp-content\/uploads\/2022\/02\/vignette-bulbes.jpg\u00a0\u00bb title_text=\u00a0\u00bbvignette-bulbes\u00a0\u00bb url=\u00a0\u00bbhttps:\/\/rivegauche-magazine.ch\/index.php\/divers-services\/leman-paysages\/lentretien-dhiver\/\u00a0\u00bb align_tablet=\u00a0\u00bbcenter\u00a0\u00bb align_phone=\u00a0\u00bbcenter\u00a0\u00bb align_last_edited=\u00a0\u00bbon|desktop\u00a0\u00bb _builder_version=\u00a0\u00bb4.14.7&Prime; global_colors_info=\u00a0\u00bb{}\u00a0\u00bb][\/et_pb_image][et_pb_text _builder_version=\u00a0\u00bb4.14.7&Prime; text_font=\u00a0\u00bb||||||||\u00a0\u00bb header_font=\u00a0\u00bbNunito||||||||\u00a0\u00bb header_text_color=\u00a0\u00bb#000000&Prime; custom_margin=\u00a0\u00bb-30px||\u00a0\u00bb custom_padding=\u00a0\u00bb||\u00a0\u00bb link_option_url=\u00a0\u00bbhttps:\/\/rivegauche-magazine.ch\/index.php\/divers-services\/leman-paysages\/lentretien-dhiver\/\u00a0\u00bb global_colors_info=\u00a0\u00bb{}\u00a0\u00bb]<\/p>\n<h1 style=\"text-align: right;\">L&rsquo;entretien d&rsquo;hiver<\/h1>\n<p>[\/et_pb_text][\/et_pb_column][et_pb_column type=\u00a0\u00bb1_4&Prime; _builder_version=\u00a0\u00bb3.25&Prime; custom_padding=\u00a0\u00bb|||\u00a0\u00bb global_colors_info=\u00a0\u00bb{}\u00a0\u00bb custom_padding__hover=\u00a0\u00bb|||\u00a0\u00bb][\/et_pb_column][et_pb_column type=\u00a0\u00bb1_4&Prime; _builder_version=\u00a0\u00bb3.25&Prime; custom_padding=\u00a0\u00bb|||\u00a0\u00bb global_colors_info=\u00a0\u00bb{}\u00a0\u00bb custom_padding__hover=\u00a0\u00bb|||\u00a0\u00bb][\/et_pb_column][et_pb_column type=\u00a0\u00bb1_4&Prime; _builder_version=\u00a0\u00bb3.25&Prime; custom_padding=\u00a0\u00bb|||\u00a0\u00bb global_colors_info=\u00a0\u00bb{}\u00a0\u00bb custom_padding__hover=\u00a0\u00bb|||\u00a0\u00bb][\/et_pb_column][\/et_pb_row][\/et_pb_section]<\/p>\n","protected":false},"excerpt":{"rendered":"<p>LEMAN PAYSAGEL&rsquo;entretien de votre jardin Avec plus de 10 ans d\u2019exp\u00e9rience dans la cr\u00e9ation et l\u2019entretien de jardins ainsi que l&rsquo;am\u00e9nagement d&rsquo;espaces verts \u00e0 Gen\u00e8ve et dans ses environs, notre soci\u00e9t\u00e9 s&rsquo;applique \u00e0 montrer chaque jour son savoir-faire et sa r\u00e9activit\u00e9.La valeur que nous portons dans notre activit\u00e9 quotidienne est le respect. Le respect du [&hellip;]<\/p>\n","protected":false},"author":2,"featured_media":0,"parent":1503,"menu_order":0,"comment_status":"closed","ping_status":"closed","template":"","meta":{"_et_pb_use_builder":"on","_et_pb_old_content":"","_et_gb_content_width":"","footnotes":""},"class_list":["post-9715","page","type-page","status-publish","hentry"],"_links":{"self":[{"href":"https:\/\/geneveetvousmagazine.ch\/index.php\/wp-json\/wp\/v2\/pages\/9715","targetHints":{"allow":["GET"]}}],"collection":[{"href":"https:\/\/geneveetvousmagazine.ch\/index.php\/wp-json\/wp\/v2\/pages"}],"about":[{"href":"https:\/\/geneveetvousmagazine.ch\/index.php\/wp-json\/wp\/v2\/types\/page"}],"author":[{"embeddable":true,"href":"https:\/\/geneveetvousmagazine.ch\/index.php\/wp-json\/wp\/v2\/users\/2"}],"replies":[{"embeddable":true,"href":"https:\/\/geneveetvousmagazine.ch\/index.php\/wp-json\/wp\/v2\/comments?post=9715"}],"version-history":[{"count":8,"href":"https:\/\/geneveetvousmagazine.ch\/index.php\/wp-json\/wp\/v2\/pages\/9715\/revisions"}],"predecessor-version":[{"id":11076,"href":"https:\/\/geneveetvousmagazine.ch\/index.php\/wp-json\/wp\/v2\/pages\/9715\/revisions\/11076"}],"up":[{"embeddable":true,"href":"https:\/\/geneveetvousmagazine.ch\/index.php\/wp-json\/wp\/v2\/pages\/1503"}],"wp:attachment":[{"href":"https:\/\/geneveetvousmagazine.ch\/index.php\/wp-json\/wp\/v2\/media?parent=9715"}],"curies":[{"name":"wp","href":"https:\/\/api.w.org\/{rel}","templated":true}]}}