{"id":9450,"date":"2022-01-17T11:53:48","date_gmt":"2022-01-17T10:53:48","guid":{"rendered":"https:\/\/rivegauche-magazine.ch\/?page_id=9450"},"modified":"2022-01-17T13:40:19","modified_gmt":"2022-01-17T12:40:19","slug":"la-physiotherapie","status":"publish","type":"page","link":"https:\/\/geneveetvousmagazine.ch\/index.php\/medical-2\/la-physiotherapie\/","title":{"rendered":"La physioth\u00e9rapie"},"content":{"rendered":"<p>[et_pb_section fb_built=\u00a0\u00bb1&Prime; _builder_version=\u00a0\u00bb3.22.7&Prime; global_colors_info=\u00a0\u00bb{}\u00a0\u00bb][et_pb_row _builder_version=\u00a0\u00bb3.25&Prime; global_colors_info=\u00a0\u00bb{}\u00a0\u00bb][et_pb_column type=\u00a0\u00bb4_4&Prime; _builder_version=\u00a0\u00bb3.25&Prime; custom_padding=\u00a0\u00bb|||\u00a0\u00bb global_colors_info=\u00a0\u00bb{}\u00a0\u00bb custom_padding__hover=\u00a0\u00bb|||\u00a0\u00bb][\/et_pb_column][\/et_pb_row][\/et_pb_section][et_pb_section fb_built=\u00a0\u00bb1&Prime; admin_label=\u00a0\u00bbArticles 1 colonne\u00a0\u00bb _builder_version=\u00a0\u00bb3.22.7&Prime; custom_margin=\u00a0\u00bb||\u00a0\u00bb custom_padding=\u00a0\u00bb0px|||||\u00a0\u00bb global_colors_info=\u00a0\u00bb{}\u00a0\u00bb][et_pb_row disabled_on=\u00a0\u00bbon|off|off\u00a0\u00bb _builder_version=\u00a0\u00bb4.14.6&Prime; _module_preset=\u00a0\u00bbdefault\u00a0\u00bb custom_margin=\u00a0\u00bb2em||||false|false\u00a0\u00bb hover_enabled=\u00a0\u00bb0&Prime; global_colors_info=\u00a0\u00bb{}\u00a0\u00bb custom_padding=\u00a0\u00bb||0em||false|false\u00a0\u00bb sticky_enabled=\u00a0\u00bb0&Prime;][et_pb_column type=\u00a0\u00bb4_4&Prime; _builder_version=\u00a0\u00bb4.8.1&Prime; _module_preset=\u00a0\u00bbdefault\u00a0\u00bb global_colors_info=\u00a0\u00bb{}\u00a0\u00bb][et_pb_divider _builder_version=\u00a0\u00bb4.8.1&Prime; _module_preset=\u00a0\u00bbdefault\u00a0\u00bb global_colors_info=\u00a0\u00bb{}\u00a0\u00bb][\/et_pb_divider][\/et_pb_column][\/et_pb_row][\/et_pb_section][et_pb_section fb_built=\u00a0\u00bb1&Prime; admin_label=\u00a0\u00bbArticles 1 colonne\u00a0\u00bb _builder_version=\u00a0\u00bb3.22.7&Prime; custom_margin=\u00a0\u00bb||\u00a0\u00bb custom_padding=\u00a0\u00bb0px|||||\u00a0\u00bb global_colors_info=\u00a0\u00bb{}\u00a0\u00bb][et_pb_row _builder_version=\u00a0\u00bb3.25&Prime; global_colors_info=\u00a0\u00bb{}\u00a0\u00bb][et_pb_column type=\u00a0\u00bb4_4&Prime; _builder_version=\u00a0\u00bb3.25&Prime; custom_padding=\u00a0\u00bb|||\u00a0\u00bb global_colors_info=\u00a0\u00bb{}\u00a0\u00bb custom_padding__hover=\u00a0\u00bb|||\u00a0\u00bb][et_pb_text admin_label=\u00a0\u00bbtitre\u00a0\u00bb _builder_version=\u00a0\u00bb4.14.6&Prime; header_font=\u00a0\u00bb|||||on|||\u00a0\u00bb header_text_color=\u00a0\u00bb#000000&Prime; header_font_size=\u00a0\u00bb48px\u00a0\u00bb custom_margin=\u00a0\u00bb|||\u00a0\u00bb custom_padding=\u00a0\u00bb0em||0em||true|false\u00a0\u00bb header_font_size_tablet=\u00a0\u00bb36px\u00a0\u00bb header_font_size_phone=\u00a0\u00bb24px\u00a0\u00bb header_font_size_last_edited=\u00a0\u00bbon|tablet\u00a0\u00bb global_colors_info=\u00a0\u00bb{}\u00a0\u00bb]<\/p>\n<h1>La physioth\u00e9rapie : pour qui et pour quoi ?<\/h1>\n<p>[\/et_pb_text][et_pb_text _builder_version=\u00a0\u00bb4.14.6&Prime; _module_preset=\u00a0\u00bbdefault\u00a0\u00bb custom_padding=\u00a0\u00bb||0px|||\u00a0\u00bb global_colors_info=\u00a0\u00bb{}\u00a0\u00bb]<\/p>\n<p><strong><span style=\"color: #0eb5ac;\">La physioth\u00e9rapie s\u2019adresse \u00e0 un public de tout \u00e2ge : de la personne \u00e2g\u00e9e, \u00e0 l\u2019enfant en passant par la femme enceinte ou encore au patient r\u00e9cemment op\u00e9r\u00e9.\u00a0 Le physioth\u00e9rapeute intervient sur prescription m\u00e9di-cale dans le cadre d\u2019un suivi personnalis\u00e9 qui permet de soulager diff\u00e9rentes pathologies telles que : les affections neurologiques, respiratoires, circulatoires, traumatiques, rhumatismales, les risques de chute, \u2026 Les soins de physioth\u00e9rapie peuvent \u00eatre prescrits \u00e0 titre curatif ou pr\u00e9ventif au cabinet ou au domicile des patients.<\/span><br \/><\/strong><\/p>\n<p>[\/et_pb_text][\/et_pb_column][\/et_pb_row][et_pb_row column_structure=\u00a0\u00bb1_3,1_3,1_3&Prime; admin_label=\u00a0\u00bbTitre Agenda\u00a0\u00bb _builder_version=\u00a0\u00bb3.25&Prime; custom_margin=\u00a0\u00bb||\u00a0\u00bb custom_padding=\u00a0\u00bb0px||0px|||\u00a0\u00bb global_colors_info=\u00a0\u00bb{}\u00a0\u00bb][et_pb_column type=\u00a0\u00bb1_3&Prime; _builder_version=\u00a0\u00bb3.25&Prime; custom_padding=\u00a0\u00bb0px|||\u00a0\u00bb global_colors_info=\u00a0\u00bb{}\u00a0\u00bb custom_padding__hover=\u00a0\u00bb|||\u00a0\u00bb][et_pb_image src=\u00a0\u00bbhttps:\/\/rivegauche-magazine.ch\/wp-content\/uploads\/2022\/01\/Drainage-lymphatique.jpg\u00a0\u00bb title_text=\u00a0\u00bbDrainage-lymphatique\u00a0\u00bb align_tablet=\u00a0\u00bbcenter\u00a0\u00bb align_phone=\u00a0\u00bb\u00a0\u00bb align_last_edited=\u00a0\u00bbon|desktop\u00a0\u00bb _builder_version=\u00a0\u00bb4.14.6&Prime; global_colors_info=\u00a0\u00bb{}\u00a0\u00bb][\/et_pb_image][et_pb_text admin_label=\u00a0\u00bbSOUS-TITRE\u00a0\u00bb _builder_version=\u00a0\u00bb4.14.6&Prime; global_colors_info=\u00a0\u00bb{}\u00a0\u00bb]<\/p>\n<h3 style=\"text-align: justify;\"><span style=\"color: #0eb5ac;\"><strong>Drainage <\/strong><\/span>lymphatique <span style=\"color: #0eb5ac;\"><strong><\/strong><\/span><span style=\"color: #0eb5ac;\"><strong><\/strong><\/span><span style=\"color: #99cc00;\"><\/span><\/h3>\n<p style=\"text-align: justify;\">Cette technique traite les zones lymphatiques gonfl\u00e9es ou engorg\u00e9es du corps, en particulier les bras, les jambes et le tronc. Gr\u00e2ce au drainage lymphatique, le travail de la circulation lymphatique de tout l\u2019organisme peut \u00eatre am\u00e9lior\u00e9 dans son ensemble. Ainsi, une s\u00e9ance de drainage lymphatique effectu\u00e9e par un physioth\u00e9rapeute qualifi\u00e9 peut vous aider \u00e0 vous sentir mieux au quotidien.<\/p>\n<p>[\/et_pb_text][et_pb_text admin_label=\u00a0\u00bbSOUS-TITRE\u00a0\u00bb _builder_version=\u00a0\u00bb4.14.6&Prime; global_colors_info=\u00a0\u00bb{}\u00a0\u00bb]<\/p>\n<h3 style=\"text-align: justify;\"><span style=\"color: #0eb5ac;\"><strong>Neurologie<\/strong><\/span><span style=\"color: #99cc00;\"><br \/><\/span><\/h3>\n<p style=\"text-align: justify;\">Que le patient soit atteint d\u2019une scl\u00e9rose en plaque, d\u2019un AVC, d\u2019une maladie de Parkinson ou de toutes autres maladies neurologiques, le physioth\u00e9rapeute l\u2019accompagne dans son quotidien et aide \u00e0 pr\u00e9venir les effets secondaires li\u00e9s \u00e0 la maladie. Elle permet la r\u00e9adaptation des d\u00e9ficiences et des incapacit\u00e9s touchant le syst\u00e8me neurologique.<\/p>\n<p>[\/et_pb_text][\/et_pb_column][et_pb_column type=\u00a0\u00bb1_3&Prime; _builder_version=\u00a0\u00bb3.25&Prime; custom_padding=\u00a0\u00bb|||\u00a0\u00bb global_colors_info=\u00a0\u00bb{}\u00a0\u00bb custom_padding__hover=\u00a0\u00bb|||\u00a0\u00bb][et_pb_text admin_label=\u00a0\u00bbSOUS-TITRE\u00a0\u00bb _builder_version=\u00a0\u00bb4.14.6&Prime; global_colors_info=\u00a0\u00bb{}\u00a0\u00bb]<\/p>\n<h3 style=\"text-align: justify;\"><span style=\"color: #0eb5ac;\"><strong>Physioth\u00e9rapie<\/strong><\/span> respiratoire<span style=\"color: #99cc00;\"><br \/><\/span><\/h3>\n<p style=\"text-align: justify;\">La physioth\u00e9rapie respiratoire est propos\u00e9e aux patients souffrant d\u2019affections respiratoires obstructives ou restri-ctives, aigu\u00ebs ou chroniques, qu\u2019ils soient enfants ou adultes.<br \/>Le physioth\u00e9rapeute peut intervenir dans le cadre de diff\u00e9rentes maladies : la BPCO, l\u2019asthme, les troubles et les op\u00e9rations cardiaques.<\/p>\n<p>[\/et_pb_text][et_pb_image src=\u00a0\u00bbhttps:\/\/rivegauche-magazine.ch\/wp-content\/uploads\/2022\/01\/Respiratoire.jpg\u00a0\u00bb title_text=\u00a0\u00bbRespiratoire\u00a0\u00bb align_tablet=\u00a0\u00bbcenter\u00a0\u00bb align_phone=\u00a0\u00bb\u00a0\u00bb align_last_edited=\u00a0\u00bbon|desktop\u00a0\u00bb _builder_version=\u00a0\u00bb4.14.6&Prime; global_colors_info=\u00a0\u00bb{}\u00a0\u00bb][\/et_pb_image][et_pb_text admin_label=\u00a0\u00bbSOUS-TITRE\u00a0\u00bb _builder_version=\u00a0\u00bb4.14.6&Prime; global_colors_info=\u00a0\u00bb{}\u00a0\u00bb]<\/p>\n<h3 style=\"text-align: justify;\"><span style=\"color: #0eb5ac;\"><strong>P\u00e9diatrie<\/strong><\/span><span style=\"color: #99cc00;\"><br \/><\/span><\/h3>\n<p style=\"text-align: justify;\">La physioth\u00e9rapie p\u00e9diatrique permet de traiter les troubles li\u00e9s \u00e0 la naissance, \u00e0 la croissance, de favoriser le bon d\u00e9veloppement physique et psychologique des nourissons, des enfants et des adolescents.<\/p>\n<p>[\/et_pb_text][\/et_pb_column][et_pb_column type=\u00a0\u00bb1_3&Prime; _builder_version=\u00a0\u00bb3.25&Prime; custom_padding=\u00a0\u00bb|||\u00a0\u00bb global_colors_info=\u00a0\u00bb{}\u00a0\u00bb custom_padding__hover=\u00a0\u00bb|||\u00a0\u00bb][et_pb_image src=\u00a0\u00bbhttps:\/\/rivegauche-magazine.ch\/wp-content\/uploads\/2022\/01\/Ge\u0301riatrie.jpg\u00a0\u00bb title_text=\u00a0\u00bbGe\u0301riatrie\u00a0\u00bb align_tablet=\u00a0\u00bbcenter\u00a0\u00bb align_phone=\u00a0\u00bb\u00a0\u00bb align_last_edited=\u00a0\u00bbon|desktop\u00a0\u00bb _builder_version=\u00a0\u00bb4.14.6&Prime; global_colors_info=\u00a0\u00bb{}\u00a0\u00bb][\/et_pb_image][et_pb_text admin_label=\u00a0\u00bbSOUS-TITRE\u00a0\u00bb _builder_version=\u00a0\u00bb4.14.6&Prime; global_colors_info=\u00a0\u00bb{}\u00a0\u00bb]<\/p>\n<h3 style=\"text-align: justify;\"><span style=\"color: #008000;\"><strong>G\u00e9riatrie<\/strong><\/span><span style=\"color: #99cc00;\"><br \/><\/span><\/h3>\n<p style=\"text-align: justify;\">Lorsque la situation le permet, le physioth\u00e9rapeute intervient dans l\u2019environnement du patient et travaille avec lui sur les difficult\u00e9s qu\u2019il peut rencontrer au quotidien. Il l\u2019observe, l\u2019accompagne et le stimule pour lui permettre de maintenir son autonomie \u00e0 domicile.<\/p>\n<p>[\/et_pb_text][\/et_pb_column][\/et_pb_row][et_pb_row _builder_version=\u00a0\u00bb3.25&Prime; global_colors_info=\u00a0\u00bb{}\u00a0\u00bb][et_pb_column type=\u00a0\u00bb4_4&Prime; _builder_version=\u00a0\u00bb3.25&Prime; custom_padding=\u00a0\u00bb|||\u00a0\u00bb global_colors_info=\u00a0\u00bb{}\u00a0\u00bb custom_padding__hover=\u00a0\u00bb|||\u00a0\u00bb][et_pb_divider _builder_version=\u00a0\u00bb3.22.7&Prime; global_colors_info=\u00a0\u00bb{}\u00a0\u00bb][\/et_pb_divider][\/et_pb_column][\/et_pb_row][\/et_pb_section]<\/p>\n","protected":false},"excerpt":{"rendered":"<p>La physioth\u00e9rapie : pour qui et pour quoi ?La physioth\u00e9rapie s\u2019adresse \u00e0 un public de tout \u00e2ge : de la personne \u00e2g\u00e9e, \u00e0 l\u2019enfant en passant par la femme enceinte ou encore au patient r\u00e9cemment op\u00e9r\u00e9.\u00a0 Le physioth\u00e9rapeute intervient sur prescription m\u00e9di-cale dans le cadre d\u2019un suivi personnalis\u00e9 qui permet de soulager diff\u00e9rentes pathologies telles [&hellip;]<\/p>\n","protected":false},"author":2,"featured_media":0,"parent":1368,"menu_order":0,"comment_status":"closed","ping_status":"closed","template":"","meta":{"_et_pb_use_builder":"on","_et_pb_old_content":"","_et_gb_content_width":"","footnotes":""},"class_list":["post-9450","page","type-page","status-publish","hentry"],"_links":{"self":[{"href":"https:\/\/geneveetvousmagazine.ch\/index.php\/wp-json\/wp\/v2\/pages\/9450","targetHints":{"allow":["GET"]}}],"collection":[{"href":"https:\/\/geneveetvousmagazine.ch\/index.php\/wp-json\/wp\/v2\/pages"}],"about":[{"href":"https:\/\/geneveetvousmagazine.ch\/index.php\/wp-json\/wp\/v2\/types\/page"}],"author":[{"embeddable":true,"href":"https:\/\/geneveetvousmagazine.ch\/index.php\/wp-json\/wp\/v2\/users\/2"}],"replies":[{"embeddable":true,"href":"https:\/\/geneveetvousmagazine.ch\/index.php\/wp-json\/wp\/v2\/comments?post=9450"}],"version-history":[{"count":8,"href":"https:\/\/geneveetvousmagazine.ch\/index.php\/wp-json\/wp\/v2\/pages\/9450\/revisions"}],"predecessor-version":[{"id":9468,"href":"https:\/\/geneveetvousmagazine.ch\/index.php\/wp-json\/wp\/v2\/pages\/9450\/revisions\/9468"}],"up":[{"embeddable":true,"href":"https:\/\/geneveetvousmagazine.ch\/index.php\/wp-json\/wp\/v2\/pages\/1368"}],"wp:attachment":[{"href":"https:\/\/geneveetvousmagazine.ch\/index.php\/wp-json\/wp\/v2\/media?parent=9450"}],"curies":[{"name":"wp","href":"https:\/\/api.w.org\/{rel}","templated":true}]}}

La physiothérapie

<p>[et_pb_section fb_built= »1&Prime; _builder_version= »3.22.7&Prime; global_colors_info= »{} »][et_pb_row _builder_version= »3.25&Prime; global_colors_info= »{} »][et_pb_column type= »4_4&Prime; _builder_version= »3.25&Prime; custom_padding= »||| » global_colors_info= »{} » custom_padding__hover= »||| »][/et_pb_column][/et_pb_row][/et_pb_section][et_pb_section fb_built= »1&Prime; admin_label= »Articles 1 colonne » _builder_version= »3.22.7&Prime; custom_margin= »|| » custom_padding= »0px||||| » global_colors_info= »{} »][et_pb_row disabled_on= »on|off|off » _builder_version= »4.14.6&Prime; _module_preset= »default » custom_margin= »2em||||false|false » hover_enabled= »0&Prime; global_colors_info= »{} » custom_padding= »||0em||false|false » sticky_enabled= »0&Prime;][et_pb_column type= »4_4&Prime; _builder_version= »4.8.1&Prime; _module_preset= »default » global_colors_info= »{} »][et_pb_divider _builder_version= »4.8.1&Prime; _module_preset= »default » global_colors_info= »{} »][/et_pb_divider][/et_pb_column][/et_pb_row][/et_pb_section][et_pb_section fb_built= »1&Prime; admin_label= »Articles 1 colonne » _builder_version= »3.22.7&Prime; custom_margin= »|| » custom_padding= »0px||||| » global_colors_info= »{} »][et_pb_row _builder_version= »3.25&Prime; global_colors_info= »{} »][et_pb_column type= »4_4&Prime; _builder_version= »3.25&Prime; custom_padding= »||| » global_colors_info= »{} » custom_padding__hover= »||| »][et_pb_text admin_label= »titre » _builder_version= »4.14.6&Prime; header_font= »|||||on||| » header_text_color= »#000000&Prime; header_font_size= »48px » custom_margin= »||| » custom_padding= »0em||0em||true|false » header_font_size_tablet= »36px » header_font_size_phone= »24px » header_font_size_last_edited= »on|tablet » global_colors_info= »{} »]</p>
<h1>La physiothérapie : pour qui et pour quoi ?</h1>
<p>[/et_pb_text][et_pb_text _builder_version= »4.14.6&Prime; _module_preset= »default » custom_padding= »||0px||| » global_colors_info= »{} »]</p>
<p><strong><span style="color: #0eb5ac;">La physiothérapie s’adresse à un public de tout âge : de la personne âgée, à l’enfant en passant par la femme enceinte ou encore au patient récemment opéré.  Le physiothérapeute intervient sur prescription médi-cale dans le cadre d’un suivi personnalisé qui permet de soulager différentes pathologies telles que : les affections neurologiques, respiratoires, circulatoires, traumatiques, rhumatismales, les risques de chute, … Les soins de physiothérapie peuvent être prescrits à titre curatif ou préventif au cabinet ou au domicile des patients.</span><br /></strong></p>
<p>[/et_pb_text][/et_pb_column][/et_pb_row][et_pb_row column_structure= »1_3,1_3,1_3&Prime; admin_label= »Titre Agenda » _builder_version= »3.25&Prime; custom_margin= »|| » custom_padding= »0px||0px||| » global_colors_info= »{} »][et_pb_column type= »1_3&Prime; _builder_version= »3.25&Prime; custom_padding= »0px||| » global_colors_info= »{} » custom_padding__hover= »||| »][et_pb_image src= »https://rivegauche-magazine.ch/wp-content/uploads/2022/01/Drainage-lymphatique.jpg » title_text= »Drainage-lymphatique » align_tablet= »center » align_phone= » » align_last_edited= »on|desktop » _builder_version= »4.14.6&Prime; global_colors_info= »{} »][/et_pb_image][et_pb_text admin_label= »SOUS-TITRE » _builder_version= »4.14.6&Prime; global_colors_info= »{} »]</p>
<h3 style="text-align: justify;"><span style="color: #0eb5ac;"><strong>Drainage </strong></span>lymphatique <span style="color: #0eb5ac;"><strong></strong></span><span style="color: #0eb5ac;"><strong></strong></span><span style="color: #99cc00;"></span></h3>
<p style="text-align: justify;">Cette technique traite les zones lymphatiques gonflées ou engorgées du corps, en particulier les bras, les jambes et le tronc. Grâce au drainage lymphatique, le travail de la circulation lymphatique de tout l’organisme peut être amélioré dans son ensemble. Ainsi, une séance de drainage lymphatique effectuée par un physiothérapeute qualifié peut vous aider à vous sentir mieux au quotidien.</p>
<p>[/et_pb_text][et_pb_text admin_label= »SOUS-TITRE » _builder_version= »4.14.6&Prime; global_colors_info= »{} »]</p>
<h3 style="text-align: justify;"><span style="color: #0eb5ac;"><strong>Neurologie</strong></span><span style="color: #99cc00;"><br /></span></h3>
<p style="text-align: justify;">Que le patient soit atteint d’une sclérose en plaque, d’un AVC, d’une maladie de Parkinson ou de toutes autres maladies neurologiques, le physiothérapeute l’accompagne dans son quotidien et aide à prévenir les effets secondaires liés à la maladie. Elle permet la réadaptation des déficiences et des incapacités touchant le système neurologique.</p>
<p>[/et_pb_text][/et_pb_column][et_pb_column type= »1_3&Prime; _builder_version= »3.25&Prime; custom_padding= »||| » global_colors_info= »{} » custom_padding__hover= »||| »][et_pb_text admin_label= »SOUS-TITRE » _builder_version= »4.14.6&Prime; global_colors_info= »{} »]</p>
<h3 style="text-align: justify;"><span style="color: #0eb5ac;"><strong>Physiothérapie</strong></span> respiratoire<span style="color: #99cc00;"><br /></span></h3>
<p style="text-align: justify;">La physiothérapie respiratoire est proposée aux patients souffrant d’affections respiratoires obstructives ou restri-ctives, aiguës ou chroniques, qu’ils soient enfants ou adultes.<br />Le physiothérapeute peut intervenir dans le cadre de différentes maladies : la BPCO, l’asthme, les troubles et les opérations cardiaques.</p>
<p>[/et_pb_text][et_pb_image src= »https://rivegauche-magazine.ch/wp-content/uploads/2022/01/Respiratoire.jpg » title_text= »Respiratoire » align_tablet= »center » align_phone= » » align_last_edited= »on|desktop » _builder_version= »4.14.6&Prime; global_colors_info= »{} »][/et_pb_image][et_pb_text admin_label= »SOUS-TITRE » _builder_version= »4.14.6&Prime; global_colors_info= »{} »]</p>
<h3 style="text-align: justify;"><span style="color: #0eb5ac;"><strong>Pédiatrie</strong></span><span style="color: #99cc00;"><br /></span></h3>
<p style="text-align: justify;">La physiothérapie pédiatrique permet de traiter les troubles liés à la naissance, à la croissance, de favoriser le bon développement physique et psychologique des nourissons, des enfants et des adolescents.</p>
<p>[/et_pb_text][/et_pb_column][et_pb_column type= »1_3&Prime; _builder_version= »3.25&Prime; custom_padding= »||| » global_colors_info= »{} » custom_padding__hover= »||| »][et_pb_image src= »https://rivegauche-magazine.ch/wp-content/uploads/2022/01/Gériatrie.jpg » title_text= »Gériatrie » align_tablet= »center » align_phone= » » align_last_edited= »on|desktop » _builder_version= »4.14.6&Prime; global_colors_info= »{} »][/et_pb_image][et_pb_text admin_label= »SOUS-TITRE » _builder_version= »4.14.6&Prime; global_colors_info= »{} »]</p>
<h3 style="text-align: justify;"><span style="color: #008000;"><strong>Gériatrie</strong></span><span style="color: #99cc00;"><br /></span></h3>
<p style="text-align: justify;">Lorsque la situation le permet, le physiothérapeute intervient dans l’environnement du patient et travaille avec lui sur les difficultés qu’il peut rencontrer au quotidien. Il l’observe, l’accompagne et le stimule pour lui permettre de maintenir son autonomie à domicile.</p>
<p>[/et_pb_text][/et_pb_column][/et_pb_row][et_pb_row _builder_version= »3.25&Prime; global_colors_info= »{} »][et_pb_column type= »4_4&Prime; _builder_version= »3.25&Prime; custom_padding= »||| » global_colors_info= »{} » custom_padding__hover= »||| »][et_pb_divider _builder_version= »3.22.7&Prime; global_colors_info= »{} »][/et_pb_divider][/et_pb_column][/et_pb_row][/et_pb_section]</p>

<p>La physiothérapie : pour qui et pour quoi ?La physiothérapie s’adresse à un public de tout âge : de la personne âgée, à l’enfant en passant par la femme enceinte ou encore au patient récemment opéré.  Le physiothérapeute intervient sur prescription médi-cale dans le cadre d’un suivi personnalisé qui permet de soulager différentes pathologies telles [&hellip;]</p>
