{"id":2554,"date":"2020-03-24T20:16:58","date_gmt":"2020-03-24T19:16:58","guid":{"rendered":"https:\/\/rivegauche-magazine.ch\/?page_id=2554"},"modified":"2020-03-24T20:22:41","modified_gmt":"2020-03-24T19:22:41","slug":"panorama-terrasses","status":"publish","type":"page","link":"https:\/\/geneveetvousmagazine.ch\/index.php\/life-style-decoration\/panorama-terrasses\/","title":{"rendered":"Panorama Terrasses"},"content":{"rendered":"<p>[et_pb_section fb_built=\u00a0\u00bb1&Prime; _builder_version=\u00a0\u00bb3.22.7&Prime;][et_pb_row _builder_version=\u00a0\u00bb3.22.7&Prime;][et_pb_column type=\u00a0\u00bb4_4&Prime; _builder_version=\u00a0\u00bb3.22.7&Prime;][et_pb_divider _builder_version=\u00a0\u00bb3.22.7&Prime;][\/et_pb_divider][\/et_pb_column][\/et_pb_row][\/et_pb_section][et_pb_section fb_built=\u00a0\u00bb1&Prime; admin_label=\u00a0\u00bbArticles 1 colonne\u00a0\u00bb _builder_version=\u00a0\u00bb3.22.7&Prime; custom_margin=\u00a0\u00bb||\u00a0\u00bb custom_padding=\u00a0\u00bb0px|||||\u00a0\u00bb][et_pb_row custom_padding=\u00a0\u00bb0px||0px|||\u00a0\u00bb custom_margin=\u00a0\u00bb||\u00a0\u00bb padding_top_1=\u00a0\u00bb0px\u00a0\u00bb admin_label=\u00a0\u00bbTitre Agenda\u00a0\u00bb _builder_version=\u00a0\u00bb3.22.7&Prime;][et_pb_column type=\u00a0\u00bb1_2&Prime; _builder_version=\u00a0\u00bb3.22.7&Prime;][et_pb_image src=\u00a0\u00bbhttps:\/\/rivegauche-magazine.ch\/wp-content\/uploads\/2020\/03\/panorama-terrasse.jpg\u00a0\u00bb _builder_version=\u00a0\u00bb3.22.7&Prime;][\/et_pb_image][\/et_pb_column][et_pb_column type=\u00a0\u00bb1_2&Prime; _builder_version=\u00a0\u00bb3.22.7&Prime;][et_pb_text admin_label=\u00a0\u00bbNOM CLIENT\u00a0\u00bb _builder_version=\u00a0\u00bb3.22.7&Prime; header_font=\u00a0\u00bb|||||on|||\u00a0\u00bb header_text_align=\u00a0\u00bbleft\u00a0\u00bb header_text_color=\u00a0\u00bb#000000&Prime; header_font_size=\u00a0\u00bb48px\u00a0\u00bb header_font_size_tablet=\u00a0\u00bb36px\u00a0\u00bb header_font_size_phone=\u00a0\u00bb24px\u00a0\u00bb header_font_size_last_edited=\u00a0\u00bbon|tablet\u00a0\u00bb custom_margin=\u00a0\u00bb|||\u00a0\u00bb]<\/p>\n<h1 style=\"text-align: left;\">PANORAMA TERRASSES<\/h1>\n<h1 style=\"text-align: left;\"><span style=\"font-size: 22px;\">LE SP\u00c9CIALISTE DE LA TERRASSE EN BOIS<\/span><\/h1>\n<p>[\/et_pb_text][et_pb_button button_url=\u00a0\u00bbhttp:\/\/www.panorama-terrasses.ch\/\u00a0\u00bb url_new_window=\u00a0\u00bbon\u00a0\u00bb button_text=\u00a0\u00bbSITE INTERNET\u00a0\u00bb admin_label=\u00a0\u00bbBOUTON SITE WEB\u00a0\u00bb _builder_version=\u00a0\u00bb3.22.7&Prime;][\/et_pb_button][et_pb_text admin_label=\u00a0\u00bbCONTACT\u00a0\u00bb _builder_version=\u00a0\u00bb3.22.7&Prime;]<\/p>\n<p>Route de Thonon 148 &#8211; 1222 V\u00e9senaz<\/p>\n<p>T\u00e9l. : +41 22 519 62 70<\/p>\n<p><a href=\"mailto:bureau@panorama-terrasses.ch\">bureau@panorama-terrasses.ch<\/a><\/p>\n<p>[\/et_pb_text][et_pb_text admin_label=\u00a0\u00bbDESCRIPTION\u00a0\u00bb _builder_version=\u00a0\u00bb3.22.7&Prime;]<\/p>\n<div>Quand les temp\u00e9ratures remontent, les fronti\u00e8res entre l&rsquo;int\u00e9rieur et l&rsquo;ext\u00e9rieur disparaissent. De la terrasse au balcon, chaque centim\u00e8tre carr\u00e9 \u00e0 ciel ouvert devient un tr\u00e9sor pr\u00e9cieux. \u00c0 nous de vous apporter ce tr\u00e9sor&#8230;<\/div>\n<div class=\"_2cuy _3dgx _2vxa\">Nous sommes sp\u00e9cialis\u00e9s dans la conception et la pose de terrasse bois ainsi que ses accessoires : parevue, bancs, coffres\u2026 Install\u00e9s \u00e0 Collonge-Bellerive, nous intervenons dans le canton de Gen\u00e8ve ; nous \u00e9tudions \u00e9galement tout projet de taille cons\u00e9quente hors de Gen\u00e8ve.<\/div>\n<p>[\/et_pb_text][\/et_pb_column][\/et_pb_row][et_pb_row _builder_version=\u00a0\u00bb3.22.7&Prime;][et_pb_column type=\u00a0\u00bb4_4&Prime; _builder_version=\u00a0\u00bb3.22.7&Prime;][et_pb_divider _builder_version=\u00a0\u00bb3.22.7&Prime;][\/et_pb_divider][\/et_pb_column][\/et_pb_row][\/et_pb_section]<\/p>\n","protected":false},"excerpt":{"rendered":"<p>PANORAMA TERRASSES LE SP\u00c9CIALISTE DE LA TERRASSE EN BOIS Route de Thonon 148 &#8211; 1222 V\u00e9senaz T\u00e9l. : +41 22 519 62 70 bureau@panorama-terrasses.ch Quand les temp\u00e9ratures remontent, les fronti\u00e8res entre l&rsquo;int\u00e9rieur et l&rsquo;ext\u00e9rieur disparaissent. De la terrasse au balcon, chaque centim\u00e8tre carr\u00e9 \u00e0 ciel ouvert devient un tr\u00e9sor pr\u00e9cieux. \u00c0 nous de vous apporter [&hellip;]<\/p>\n","protected":false},"author":3,"featured_media":0,"parent":1383,"menu_order":0,"comment_status":"closed","ping_status":"closed","template":"","meta":{"_et_pb_use_builder":"on","_et_pb_old_content":"","_et_gb_content_width":"","footnotes":""},"class_list":["post-2554","page","type-page","status-publish","hentry"],"_links":{"self":[{"href":"https:\/\/geneveetvousmagazine.ch\/index.php\/wp-json\/wp\/v2\/pages\/2554","targetHints":{"allow":["GET"]}}],"collection":[{"href":"https:\/\/geneveetvousmagazine.ch\/index.php\/wp-json\/wp\/v2\/pages"}],"about":[{"href":"https:\/\/geneveetvousmagazine.ch\/index.php\/wp-json\/wp\/v2\/types\/page"}],"author":[{"embeddable":true,"href":"https:\/\/geneveetvousmagazine.ch\/index.php\/wp-json\/wp\/v2\/users\/3"}],"replies":[{"embeddable":true,"href":"https:\/\/geneveetvousmagazine.ch\/index.php\/wp-json\/wp\/v2\/comments?post=2554"}],"version-history":[{"count":3,"href":"https:\/\/geneveetvousmagazine.ch\/index.php\/wp-json\/wp\/v2\/pages\/2554\/revisions"}],"predecessor-version":[{"id":2558,"href":"https:\/\/geneveetvousmagazine.ch\/index.php\/wp-json\/wp\/v2\/pages\/2554\/revisions\/2558"}],"up":[{"embeddable":true,"href":"https:\/\/geneveetvousmagazine.ch\/index.php\/wp-json\/wp\/v2\/pages\/1383"}],"wp:attachment":[{"href":"https:\/\/geneveetvousmagazine.ch\/index.php\/wp-json\/wp\/v2\/media?parent=2554"}],"curies":[{"name":"wp","href":"https:\/\/api.w.org\/{rel}","templated":true}]}}

<p>[et_pb_section fb_built= »1&Prime; _builder_version= »3.22.7&Prime;][et_pb_row _builder_version= »3.22.7&Prime;][et_pb_column type= »4_4&Prime; _builder_version= »3.22.7&Prime;][et_pb_divider _builder_version= »3.22.7&Prime;][/et_pb_divider][/et_pb_column][/et_pb_row][/et_pb_section][et_pb_section fb_built= »1&Prime; admin_label= »Articles 1 colonne » _builder_version= »3.22.7&Prime; custom_margin= »|| » custom_padding= »0px||||| »][et_pb_row custom_padding= »0px||0px||| » custom_margin= »|| » padding_top_1= »0px » admin_label= »Titre Agenda » _builder_version= »3.22.7&Prime;][et_pb_column type= »1_2&Prime; _builder_version= »3.22.7&Prime;][et_pb_image src= »https://rivegauche-magazine.ch/wp-content/uploads/2020/03/panorama-terrasse.jpg » _builder_version= »3.22.7&Prime;][/et_pb_image][/et_pb_column][et_pb_column type= »1_2&Prime; _builder_version= »3.22.7&Prime;][et_pb_text admin_label= »NOM CLIENT » _builder_version= »3.22.7&Prime; header_font= »|||||on||| » header_text_align= »left » header_text_color= »#000000&Prime; header_font_size= »48px » header_font_size_tablet= »36px » header_font_size_phone= »24px » header_font_size_last_edited= »on|tablet » custom_margin= »||| »]</p>
<h1 style="text-align: left;">PANORAMA TERRASSES</h1>
<h1 style="text-align: left;"><span style="font-size: 22px;">LE SPÉCIALISTE DE LA TERRASSE EN BOIS</span></h1>
<p>[/et_pb_text][et_pb_button button_url= »http://www.panorama-terrasses.ch/ » url_new_window= »on » button_text= »SITE INTERNET » admin_label= »BOUTON SITE WEB » _builder_version= »3.22.7&Prime;][/et_pb_button][et_pb_text admin_label= »CONTACT » _builder_version= »3.22.7&Prime;]</p>
<p>Route de Thonon 148 &#8211; 1222 Vésenaz</p>
<p>Tél. : +41 22 519 62 70</p>
<p><a href="mailto:bureau@panorama-terrasses.ch">bureau@panorama-terrasses.ch</a></p>
<p>[/et_pb_text][et_pb_text admin_label= »DESCRIPTION » _builder_version= »3.22.7&Prime;]</p>
<div>Quand les températures remontent, les frontières entre l&rsquo;intérieur et l&rsquo;extérieur disparaissent. De la terrasse au balcon, chaque centimètre carré à ciel ouvert devient un trésor précieux. À nous de vous apporter ce trésor&#8230;</div>
<div class="_2cuy _3dgx _2vxa">Nous sommes spécialisés dans la conception et la pose de terrasse bois ainsi que ses accessoires : parevue, bancs, coffres… Installés à Collonge-Bellerive, nous intervenons dans le canton de Genève ; nous étudions également tout projet de taille conséquente hors de Genève.</div>
<p>[/et_pb_text][/et_pb_column][/et_pb_row][et_pb_row _builder_version= »3.22.7&Prime;][et_pb_column type= »4_4&Prime; _builder_version= »3.22.7&Prime;][et_pb_divider _builder_version= »3.22.7&Prime;][/et_pb_divider][/et_pb_column][/et_pb_row][/et_pb_section]</p>

<p>PANORAMA TERRASSES LE SPÉCIALISTE DE LA TERRASSE EN BOIS Route de Thonon 148 &#8211; 1222 Vésenaz Tél. : +41 22 519 62 70 bureau@panorama-terrasses.ch Quand les températures remontent, les frontières entre l&rsquo;intérieur et l&rsquo;extérieur disparaissent. De la terrasse au balcon, chaque centimètre carré à ciel ouvert devient un trésor précieux. À nous de vous apporter [&hellip;]</p>
