{"id":11289,"date":"2022-04-11T16:14:03","date_gmt":"2022-04-11T14:14:03","guid":{"rendered":"https:\/\/rivegauche-magazine.ch\/?page_id=11289"},"modified":"2022-04-11T16:14:08","modified_gmt":"2022-04-11T14:14:08","slug":"en-bonne-sante-au-printemps","status":"publish","type":"page","link":"https:\/\/geneveetvousmagazine.ch\/index.php\/beaute-sante-conseils\/en-bonne-sante-au-printemps\/","title":{"rendered":"EN BONNE SANT\u00c9 AU PRINTEMPS"},"content":{"rendered":"<p>[et_pb_section fb_built=\u00a0\u00bb1&Prime; custom_padding_last_edited=\u00a0\u00bbon|phone\u00a0\u00bb _builder_version=\u00a0\u00bb4.14.1&Prime; custom_margin_tablet=\u00a0\u00bb\u00a0\u00bb custom_margin_phone=\u00a0\u00bb||0em||false|false\u00a0\u00bb custom_margin_last_edited=\u00a0\u00bbon|phone\u00a0\u00bb custom_padding_tablet=\u00a0\u00bb\u00a0\u00bb custom_padding_phone=\u00a0\u00bb||0em||false|false\u00a0\u00bb global_colors_info=\u00a0\u00bb{}\u00a0\u00bb][et_pb_row _builder_version=\u00a0\u00bb3.25&Prime; global_colors_info=\u00a0\u00bb{}\u00a0\u00bb][et_pb_column type=\u00a0\u00bb4_4&Prime; _builder_version=\u00a0\u00bb3.25&Prime; custom_padding=\u00a0\u00bb|||\u00a0\u00bb global_colors_info=\u00a0\u00bb{}\u00a0\u00bb custom_padding__hover=\u00a0\u00bb|||\u00a0\u00bb][et_pb_text admin_label=\u00a0\u00bbTITRE\u00a0\u00bb _builder_version=\u00a0\u00bb4.14.7&Prime; header_font=\u00a0\u00bb|||||on|||\u00a0\u00bb header_text_align=\u00a0\u00bbleft\u00a0\u00bb header_text_color=\u00a0\u00bb#000000&Prime; header_font_size=\u00a0\u00bb48px\u00a0\u00bb custom_margin=\u00a0\u00bb|||\u00a0\u00bb hover_enabled=\u00a0\u00bb0&Prime; header_font_size_tablet=\u00a0\u00bb36px\u00a0\u00bb header_font_size_phone=\u00a0\u00bb24px\u00a0\u00bb header_font_size_last_edited=\u00a0\u00bbon|tablet\u00a0\u00bb global_colors_info=\u00a0\u00bb{}\u00a0\u00bb sticky_enabled=\u00a0\u00bb0&Prime;]<\/p>\n<h1 style=\"text-align: center;\"><strong>EN BONNE SANT\u00c9 AU PRINTEMPS!<\/strong><\/h1>\n<p>[\/et_pb_text][et_pb_text admin_label=\u00a0\u00bb1&Prime; _builder_version=\u00a0\u00bb4.14.7&Prime; hover_enabled=\u00a0\u00bb0&Prime; global_colors_info=\u00a0\u00bb{}\u00a0\u00bb sticky_enabled=\u00a0\u00bb0&Prime;]<\/p>\n<p style=\"text-align: justify;\"><span style=\"color: #339966;\"><strong>Lorsque le blues hivernal se dissipe enfin, que les jours rallongent et que le soleil brille, le printemps est \u00e0 nos portes. La plus belle saison apporte dans ses bagages la fatigue printani\u00e8re qui affecte de nombreuses personnes. Mais la fatigue n\u2019est pas un destin sans issue, les huit conseils suivants vous aideront \u00e0 d\u00e9marrer la saison chaude en bonne sant\u00e9 et pleins d\u2019\u00e9nergie.<\/strong><\/span><\/p>\n<p>[\/et_pb_text][et_pb_divider _builder_version=\u00a0\u00bb4.14.7&Prime; _module_preset=\u00a0\u00bbdefault\u00a0\u00bb hover_enabled=\u00a0\u00bb0&Prime; sticky_enabled=\u00a0\u00bb0&Prime;][\/et_pb_divider][\/et_pb_column][\/et_pb_row][\/et_pb_section][et_pb_section fb_built=\u00a0\u00bb1&Prime; admin_label=\u00a0\u00bbArticles 1 colonne\u00a0\u00bb _builder_version=\u00a0\u00bb3.22.7&Prime; custom_margin=\u00a0\u00bb||\u00a0\u00bb custom_padding=\u00a0\u00bb0px|||||\u00a0\u00bb global_colors_info=\u00a0\u00bb{}\u00a0\u00bb][et_pb_row column_structure=\u00a0\u00bb1_2,1_2&Prime; admin_label=\u00a0\u00bbTitre Agenda\u00a0\u00bb _builder_version=\u00a0\u00bb3.25&Prime; custom_margin=\u00a0\u00bb||\u00a0\u00bb custom_padding=\u00a0\u00bb0px||0px|||\u00a0\u00bb global_colors_info=\u00a0\u00bb{}\u00a0\u00bb][et_pb_column type=\u00a0\u00bb1_2&Prime; _builder_version=\u00a0\u00bb3.25&Prime; custom_padding=\u00a0\u00bb0px|||\u00a0\u00bb global_colors_info=\u00a0\u00bb{}\u00a0\u00bb custom_padding__hover=\u00a0\u00bb|||\u00a0\u00bb][et_pb_image src=\u00a0\u00bbhttps:\/\/rivegauche-magazine.ch\/wp-content\/uploads\/2022\/04\/FRUITS-e1649686025579.jpg\u00a0\u00bb title_text=\u00a0\u00bbFRUITS\u00a0\u00bb _builder_version=\u00a0\u00bb4.14.7&Prime; _module_preset=\u00a0\u00bbdefault\u00a0\u00bb hover_enabled=\u00a0\u00bb0&Prime; global_colors_info=\u00a0\u00bb{}\u00a0\u00bb sticky_enabled=\u00a0\u00bb0&Prime;][\/et_pb_image][et_pb_text admin_label=\u00a0\u00bb1&Prime; _builder_version=\u00a0\u00bb4.14.7&Prime; hover_enabled=\u00a0\u00bb0&Prime; global_colors_info=\u00a0\u00bb{}\u00a0\u00bb sticky_enabled=\u00a0\u00bb0&Prime;]<\/p>\n<h3><span style=\"color: #008080;\"><strong><span style=\"color: #339966;\">UNE ALIMENTATION SAINE<\/span><br \/><\/strong><\/span><\/h3>\n<p style=\"text-align: justify;\">C\u2019est au plus tard lorsqu\u2019il fait chaud que la plupart des gens pensent \u00e0 leur silhouette estivale.<\/p>\n<p style=\"text-align: justify;\">ous pouvez toutefois veiller \u00e0 une alimentation saine et donc \u00e0 une perte de poids d\u00e8s le printemps. L\u2019avantage, c\u2019est que vous pouvez alors mettre sur votre table une multitude de fruits et de l\u00e9gumes r\u00e9gionaux, alimenter votre corps en vitamines et en oligo-\u00e9l\u00e9ments et, en m\u00eame temps, vous sentir particuli\u00e8rement frais.<\/p>\n<p style=\"text-align: justify;\">Au plus tard au mois de mai, lorsque les fraises rouges fra\u00eeches poussent dans les champs, il n\u2019est plus gu\u00e8re possible de penser \u00e0 une alimentation lourde et malsaine. Aucune autre saison ne permet de grignoter aussi sainement et d\u00e9licieusement que le printemps.<\/p>\n<p>[\/et_pb_text][et_pb_text admin_label=\u00a0\u00bb2&Prime; _builder_version=\u00a0\u00bb4.14.7&Prime; hover_enabled=\u00a0\u00bb0&Prime; global_colors_info=\u00a0\u00bb{}\u00a0\u00bb sticky_enabled=\u00a0\u00bb0&Prime;]<\/p>\n<h3><span style=\"color: #008080;\"><strong>PROFITER DES RAYONS DU SOLEIL<br \/><\/strong><\/span><\/h3>\n<p style=\"text-align: justify;\">Lorsque le soleil brille en plein \u00e9t\u00e9, la plupart des gens se r\u00e9fugient sous le parasol, car la chaleur est presque insupportable.<\/p>\n<p style=\"text-align: justify;\">Au printemps en revanche, les rayons sont doux, le soleil r\u00e9chauffe agr\u00e9ablement, il ne fait que rarement trop chaud. C\u2019est le moment id\u00e9al pour profiter d\u2019un bain de soleil. Pourquoi ne pas d\u00e9placer le d\u00eener sur le balcon ou vous offrir une tasse de caf\u00e9 en plein air l\u2019apr\u00e8s-midi ?<\/p>\n<p style=\"text-align: justify;\">N\u2019oubliez toutefois pas que, malgr\u00e9 sa faible chaleur, le soleil n\u2019entra\u00eene pas moins d\u2019exposition aux UV. Le risque de coup de soleil est pr\u00e9sent m\u00eame pendant la douceur du printemps, il faut donc toujours penser \u00e0 se prot\u00e9ger suffisamment du soleil. Les jeunes enfants et les b\u00e9b\u00e9s ont besoin d\u2019un chapeau de soleil l\u00e9ger pour les prot\u00e9ger de la surchauffe, m\u00eame en cas de faible exposition au soleil \u00e0 l\u2019ext\u00e9rieur.<\/p>\n<p>[\/et_pb_text][et_pb_text admin_label=\u00a0\u00bb3&Prime; _builder_version=\u00a0\u00bb4.14.7&Prime; hover_enabled=\u00a0\u00bb0&Prime; global_colors_info=\u00a0\u00bb{}\u00a0\u00bb sticky_enabled=\u00a0\u00bb0&Prime;]<\/p>\n<h3><span style=\"color: #339966;\"><strong>FAIRE LE M\u00c9NAGE <\/strong><\/span><span style=\"color: #339966;\"><strong>POUR \u00caTRE DE BONNE HUMEUR<\/strong><\/span><\/h3>\n<p style=\"text-align: justify;\">D\u2019o\u00f9 vient l\u2019expression \u00ab nettoyage de printemps \u00bb ? Elle est synonyme de se d\u00e9barrasser de l\u2019encombrement accumul\u00e9 pendant les mois froids. M\u00eame si faire le m\u00e9nage ne fait pas partie de vos activit\u00e9s pr\u00e9f\u00e9r\u00e9es, vous pouvez tirer profit d\u2019un nettoyage en profondeur de votre maison. Une maison fra\u00eechement nettoy\u00e9e n\u2019est pas seulement synonyme de meilleure humeur, mais aussi de l\u00e9g\u00e8ret\u00e9. Et si vous disposez encore d\u2019un peu de budget, vous pouvez faire monter le moral d\u2019un cran en faisant du shopping pour des v\u00eatements de printemps.<\/p>\n<p>[\/et_pb_text][\/et_pb_column][et_pb_column type=\u00a0\u00bb1_2&Prime; _builder_version=\u00a0\u00bb3.25&Prime; custom_padding=\u00a0\u00bb|||\u00a0\u00bb global_colors_info=\u00a0\u00bb{}\u00a0\u00bb custom_padding__hover=\u00a0\u00bb|||\u00a0\u00bb][et_pb_text admin_label=\u00a0\u00bb7&Prime; _builder_version=\u00a0\u00bb4.14.7&Prime; hover_enabled=\u00a0\u00bb0&Prime; global_colors_info=\u00a0\u00bb{}\u00a0\u00bb sticky_enabled=\u00a0\u00bb0&Prime;]<\/p>\n<h3><span style=\"color: #008080;\"><strong><span style=\"color: #339966;\">BEAUCOUP D&rsquo;EXERCICE EN PLEIN AIR<\/span><br \/><\/strong><\/span><\/h3>\n<p style=\"text-align: justify;\">Le printemps est parfois tr\u00e8s instable, notamment au mois d\u2019avril, o\u00f9 il peut pleuvoir, faire des temp\u00eates, mais o\u00f9 il fait d\u00e9j\u00e0 tr\u00e8s chaud.<\/p>\n<p style=\"text-align: justify;\">Ne pas faire d\u2019exercice en plein air n\u2019est pas une alternative, car le corps a besoin de la lumi\u00e8re du soleil. Pendant les mois d\u2019hiver, les r\u00e9serves de vitamine D se sont \u00e9puis\u00e9es, ce qui est l\u2019une des principales raisons de la fatigue printani\u00e8re. L\u2019alimentation ne permet gu\u00e8re d\u2019absorber la vitamine D, seule la lumi\u00e8re du soleil est en mesure d\u2019en stimuler la production.<\/p>\n<p style=\"text-align: justify;\">Il suffit de 15 minutes par jour pour remplir les r\u00e9serves de cette vitamine essentielle et \u00eatre ainsi en meilleure forme. S\u2019il fait trop frais pour se promener en T-shirt, retroussez vos manches et asseyez-vous quelques minutes au soleil. Vous sentirez \u00e0 quel point les rayons r\u00e9chauffants peuvent rapidement revigorer un esprit fatigu\u00e9.<\/p>\n<p>[\/et_pb_text][et_pb_image src=\u00a0\u00bbhttps:\/\/rivegauche-magazine.ch\/wp-content\/uploads\/2022\/04\/TREKKING-laurine-bailly&#8211;e1649686087432.jpg\u00a0\u00bb title_text=\u00a0\u00bbTREKKING-laurine-bailly-\u00a0\u00bb align_tablet=\u00a0\u00bbcenter\u00a0\u00bb align_phone=\u00a0\u00bb\u00a0\u00bb align_last_edited=\u00a0\u00bbon|desktop\u00a0\u00bb disabled_on=\u00a0\u00bbon|on|off\u00a0\u00bb _builder_version=\u00a0\u00bb4.14.7&Prime; hover_enabled=\u00a0\u00bb0&Prime; global_colors_info=\u00a0\u00bb{}\u00a0\u00bb sticky_enabled=\u00a0\u00bb0&Prime;][\/et_pb_image][\/et_pb_column][\/et_pb_row][\/et_pb_section][et_pb_section fb_built=\u00a0\u00bb1&Prime; theme_builder_area=\u00a0\u00bbpost_content\u00a0\u00bb _builder_version=\u00a0\u00bb4.14.7&Prime; _module_preset=\u00a0\u00bbdefault\u00a0\u00bb][et_pb_row _builder_version=\u00a0\u00bb4.14.7&Prime; _module_preset=\u00a0\u00bbdefault\u00a0\u00bb theme_builder_area=\u00a0\u00bbpost_content\u00a0\u00bb][et_pb_column _builder_version=\u00a0\u00bb4.14.7&Prime; _module_preset=\u00a0\u00bbdefault\u00a0\u00bb type=\u00a0\u00bb4_4&Prime; theme_builder_area=\u00a0\u00bbpost_content\u00a0\u00bb][et_pb_divider _builder_version=\u00a0\u00bb4.14.7&Prime; _module_preset=\u00a0\u00bbdefault\u00a0\u00bb theme_builder_area=\u00a0\u00bbpost_content\u00a0\u00bb hover_enabled=\u00a0\u00bb0&Prime; sticky_enabled=\u00a0\u00bb0&Prime;][\/et_pb_divider][\/et_pb_column][\/et_pb_row][\/et_pb_section]<\/p>\n","protected":false},"excerpt":{"rendered":"<p>EN BONNE SANT\u00c9 AU PRINTEMPS!Lorsque le blues hivernal se dissipe enfin, que les jours rallongent et que le soleil brille, le printemps est \u00e0 nos portes. La plus belle saison apporte dans ses bagages la fatigue printani\u00e8re qui affecte de nombreuses personnes. Mais la fatigue n\u2019est pas un destin sans issue, les huit conseils suivants [&hellip;]<\/p>\n","protected":false},"author":2,"featured_media":0,"parent":1296,"menu_order":0,"comment_status":"closed","ping_status":"closed","template":"","meta":{"_et_pb_use_builder":"on","_et_pb_old_content":"","_et_gb_content_width":"","footnotes":""},"class_list":["post-11289","page","type-page","status-publish","hentry"],"_links":{"self":[{"href":"https:\/\/geneveetvousmagazine.ch\/index.php\/wp-json\/wp\/v2\/pages\/11289","targetHints":{"allow":["GET"]}}],"collection":[{"href":"https:\/\/geneveetvousmagazine.ch\/index.php\/wp-json\/wp\/v2\/pages"}],"about":[{"href":"https:\/\/geneveetvousmagazine.ch\/index.php\/wp-json\/wp\/v2\/types\/page"}],"author":[{"embeddable":true,"href":"https:\/\/geneveetvousmagazine.ch\/index.php\/wp-json\/wp\/v2\/users\/2"}],"replies":[{"embeddable":true,"href":"https:\/\/geneveetvousmagazine.ch\/index.php\/wp-json\/wp\/v2\/comments?post=11289"}],"version-history":[{"count":8,"href":"https:\/\/geneveetvousmagazine.ch\/index.php\/wp-json\/wp\/v2\/pages\/11289\/revisions"}],"predecessor-version":[{"id":11303,"href":"https:\/\/geneveetvousmagazine.ch\/index.php\/wp-json\/wp\/v2\/pages\/11289\/revisions\/11303"}],"up":[{"embeddable":true,"href":"https:\/\/geneveetvousmagazine.ch\/index.php\/wp-json\/wp\/v2\/pages\/1296"}],"wp:attachment":[{"href":"https:\/\/geneveetvousmagazine.ch\/index.php\/wp-json\/wp\/v2\/media?parent=11289"}],"curies":[{"name":"wp","href":"https:\/\/api.w.org\/{rel}","templated":true}]}}